{"id":3514,"date":"2025-04-16T09:03:59","date_gmt":"2025-04-16T14:03:59","guid":{"rendered":"https:\/\/iberotecsas.com\/?post_type=product&#038;p=3514"},"modified":"2025-04-16T09:10:54","modified_gmt":"2025-04-16T14:10:54","slug":"3514","status":"publish","type":"product","link":"https:\/\/iberotecsas.com\/?product=3514","title":{"rendered":"Controlador DGT4x   cuatro canales  diferentes protocolos disponibles"},"content":{"rendered":"<p><!--StartFragment --><\/p>\n<p><!--StartFragment --><\/p>\n<p>El <strong>DGT4X<\/strong> de Dini Argeo es un transmisor de peso digital de alta velocidad dise\u00f1ado para aplicaciones industriales. Algunas de sus caracter\u00edsticas principales incluyen:<\/p>\n<ul>\n<li><strong>Velocidad de muestreo<\/strong>: Hasta 2600 conversiones por segundo, ideal para pesajes r\u00e1pidos y precisos.<\/li>\n<li><strong>Compatibilidad<\/strong>: Soporta hasta 16 celdas de carga de 350 \u03a9 y permite conexi\u00f3n de 4 o 6 hilos.<\/li>\n<li><strong>Modos de funcionamiento<\/strong>: Puede operar como transmisor monobalanza, multibalanza o caja de conexiones digital.<\/li>\n<li><strong>Interfaces de comunicaci\u00f3n<\/strong>: Incluye opciones como Profibus, Profinet, EthernetIP, EtherCAT, Modbus TCP\/IP, entre otros.<\/li>\n<li><strong>Pantalla<\/strong>: LEDs rojos de 14,2 mm para una visualizaci\u00f3n clara.<\/li>\n<li><strong>Funciones avanzadas<\/strong>: Calibraci\u00f3n remota, diagn\u00f3stico de celdas de carga, alarmas de desbalance y m\u00e1s.<\/li>\n<\/ul>\n<p>&nbsp;<\/p>\n<p><!--EndFragment --><\/p>\n<p><!--EndFragment --><\/p>\n<p>&nbsp;<\/p>\n<p><a href=\"https:\/\/iberotecsas.com\/wp-content\/uploads\/2025\/04\/110038.pdf\">Catalogo del producto<\/a><\/p>\n<p>&nbsp;<\/p>\n<p><a href=\"https:\/\/iberotecsas.com\/wp-content\/uploads\/2025\/04\/DGT4X_01.19_23.06_EN_U.pdf\">Manual del producto<\/a><\/p>\n<p>&nbsp;<\/p>\n","protected":false},"excerpt":{"rendered":"<p>El DGT4X de Dini Argeo es un transmisor de peso digital de alta velocidad dise\u00f1ado para aplicaciones industriales. Algunas de sus caracter\u00edsticas principales incluyen: Velocidad de muestreo: Hasta 2600 conversiones por segundo, ideal para pesajes r\u00e1pidos y precisos. Compatibilidad: Soporta hasta 16 celdas de carga de 350 \u03a9 y permite conexi\u00f3n de 4 o 6 [&hellip;]<\/p>\n","protected":false},"featured_media":3511,"template":"","meta":[],"product_brand":[],"product_cat":[18],"product_tag":[],"class_list":{"0":"post-3514","1":"product","2":"type-product","3":"status-publish","4":"has-post-thumbnail","6":"product_cat-indicadores","7":"post","8":"post-with-thumbnail","9":"post-with-thumbnail-large","11":"first","12":"instock","13":"shipping-taxable","14":"product-type-simple"},"jetpack_sharing_enabled":true,"_links":{"self":[{"href":"https:\/\/iberotecsas.com\/index.php?rest_route=\/wp\/v2\/product\/3514","targetHints":{"allow":["GET"]}}],"collection":[{"href":"https:\/\/iberotecsas.com\/index.php?rest_route=\/wp\/v2\/product"}],"about":[{"href":"https:\/\/iberotecsas.com\/index.php?rest_route=\/wp\/v2\/types\/product"}],"version-history":[{"count":6,"href":"https:\/\/iberotecsas.com\/index.php?rest_route=\/wp\/v2\/product\/3514\/revisions"}],"predecessor-version":[{"id":3520,"href":"https:\/\/iberotecsas.com\/index.php?rest_route=\/wp\/v2\/product\/3514\/revisions\/3520"}],"wp:featuredmedia":[{"embeddable":true,"href":"https:\/\/iberotecsas.com\/index.php?rest_route=\/wp\/v2\/media\/3511"}],"wp:attachment":[{"href":"https:\/\/iberotecsas.com\/index.php?rest_route=%2Fwp%2Fv2%2Fmedia&parent=3514"}],"wp:term":[{"taxonomy":"product_brand","embeddable":true,"href":"https:\/\/iberotecsas.com\/index.php?rest_route=%2Fwp%2Fv2%2Fproduct_brand&post=3514"},{"taxonomy":"product_cat","embeddable":true,"href":"https:\/\/iberotecsas.com\/index.php?rest_route=%2Fwp%2Fv2%2Fproduct_cat&post=3514"},{"taxonomy":"product_tag","embeddable":true,"href":"https:\/\/iberotecsas.com\/index.php?rest_route=%2Fwp%2Fv2%2Fproduct_tag&post=3514"}],"curies":[{"name":"wp","href":"https:\/\/api.w.org\/{rel}","templated":true}]}}