{"id":3369,"date":"2024-02-09T11:48:18","date_gmt":"2024-02-09T16:48:18","guid":{"rendered":"https:\/\/iberotecsas.com\/?post_type=product&#038;p=3369"},"modified":"2024-02-09T12:08:15","modified_gmt":"2024-02-09T17:08:15","slug":"indicador-dfwk-hgx-ip69k","status":"publish","type":"product","link":"https:\/\/iberotecsas.com\/?product=indicador-dfwk-hgx-ip69k","title":{"rendered":"INDICADOR DFWK HGX IP69K"},"content":{"rendered":"<p><a href=\"https:\/\/iberotecsas.com\/wp-content\/uploads\/2024\/02\/110121.pdf\" target=\"_blank\" rel=\"noopener\">Ficha del producto<\/a><\/p>\n<p>&nbsp;<\/p>\n<p><a href=\"https:\/\/iberotecsas.com\/wp-content\/uploads\/2024\/02\/DFW_05.09_23.11_EN_T.pdf\" target=\"_blank\" rel=\"noopener\">Manual Tecnico<\/a><\/p>\n","protected":false},"excerpt":{"rendered":"<p>FUNCIONES<\/p>\n<p>&nbsp;<\/p>\n<ul>\n<li>Modos de funcionamiento seleccionables directamente por el usuario, mediante tecla dedicada*:<\/li>\n<li>Pantalla de alta resoluci\u00f3n x 10<\/li>\n<li>Pesaje de precisi\u00f3n con recalibraci\u00f3n temporal mediante peso de muestra (para uso interno de f\u00e1brica)<\/li>\n<li>Neto\/Bruto<\/li>\n<li>conversi\u00f3n de libras\/kg<\/li>\n<li>Factor de conversi\u00f3n libre (para sistemas de conteo de metros, contadores de litros, etc.)<\/li>\n<li>Totalizaci\u00f3n de pesos<\/li>\n<li>Formulaci\u00f3n<\/li>\n<li>Control +\/-, con entrada r\u00e1pida de objetivos y umbrales<\/li>\n<li>Pesaje porcentual<\/li>\n<li>Dosificaci\u00f3n porcentual con objetivo programable<\/li>\n<li>conteo de piezas<\/li>\n<li>Sostener<\/li>\n<li>Llenado\/dosificaci\u00f3n de dos velocidades con puesta a cero al inicio (con DFIO opcional).<\/li>\n<li>Las funciones &#8220;memoria alibi&#8221; y &#8220;setpoint&#8221; est\u00e1n disponibles en combinaci\u00f3n con el modo de funcionamiento deseado y se activan autom\u00e1ticamente cuando se instala la correspondiente tarjeta opcional; as\u00ed, por ejemplo, es posible totalizar, guardar cada peso en la memoria de la balanza y activar las salidas de rel\u00e9.<\/li>\n<\/ul>\n<p>&nbsp;<\/p>\n<p>&nbsp;<\/p>\n<p>PRINCIPALES CARACTER\u00cdSTICAS<\/p>\n<p>&nbsp;<\/p>\n<ul>\n<li>Teclado num\u00e9rico funcional de 17 teclas resistente al agua<\/li>\n<li>Pantalla LCD retroiluminada de 25 mm con 6 d\u00edgitos de alto contraste, con iconos para indicar funciones activas<\/li>\n<li>Gabinete de acero inoxidable AISI 316<\/li>\n<li>Certificaci\u00f3n IP68 e IP69K contra agua, polvo y chorros de agua caliente a alta presi\u00f3n.<\/li>\n<li>Dimensiones: 280x143x185mm<\/li>\n<li>Convertidor A\/D de 24 bits, 4 canales m\u00e1x. 200 conv.\/seg. Autoselecci\u00f3n y hasta 8 puntos de linealizaci\u00f3n de se\u00f1al.<\/li>\n<li>M\u00e1ximo 10.000e o campo m\u00faltiple 3 x 3000e @ 0,3 \u00b5V\/e en versi\u00f3n aprobada CE-M para sistemas legales para el comercio<\/li>\n<li>M\u00e1ximo 1.000.000 de divisiones visualizables para uso interno de f\u00e1brica con resoluci\u00f3n interna de hasta 3.000.000 puntos<\/li>\n<li>Conexi\u00f3n a m\u00e1x. 8 celdas de carga con resistencia de entrada de 350 ohmios o m\u00e1x. 16 celdas con resistencia de entrada de 700 ohmios<\/li>\n<li>Calibraci\u00f3n digital y configuraci\u00f3n desde teclado o PC con DINITOOLS<\/li>\n<li>Bater\u00eda interna recargable con autonom\u00eda de hasta 60 horas<\/li>\n<\/ul>\n<p>Alimentaci\u00f3n 110-240 Vac mediante cable de 1,5 m con enchufe Shuko<\/p>\n","protected":false},"featured_media":3368,"template":"","meta":[],"product_brand":[],"product_cat":[18],"product_tag":[],"class_list":{"0":"post-3369","1":"product","2":"type-product","3":"status-publish","4":"has-post-thumbnail","6":"product_cat-indicadores","7":"post","8":"post-with-thumbnail","9":"post-with-thumbnail-large","11":"first","12":"instock","13":"shipping-taxable","14":"product-type-simple"},"jetpack_sharing_enabled":true,"_links":{"self":[{"href":"https:\/\/iberotecsas.com\/index.php?rest_route=\/wp\/v2\/product\/3369","targetHints":{"allow":["GET"]}}],"collection":[{"href":"https:\/\/iberotecsas.com\/index.php?rest_route=\/wp\/v2\/product"}],"about":[{"href":"https:\/\/iberotecsas.com\/index.php?rest_route=\/wp\/v2\/types\/product"}],"version-history":[{"count":4,"href":"https:\/\/iberotecsas.com\/index.php?rest_route=\/wp\/v2\/product\/3369\/revisions"}],"predecessor-version":[{"id":3375,"href":"https:\/\/iberotecsas.com\/index.php?rest_route=\/wp\/v2\/product\/3369\/revisions\/3375"}],"wp:featuredmedia":[{"embeddable":true,"href":"https:\/\/iberotecsas.com\/index.php?rest_route=\/wp\/v2\/media\/3368"}],"wp:attachment":[{"href":"https:\/\/iberotecsas.com\/index.php?rest_route=%2Fwp%2Fv2%2Fmedia&parent=3369"}],"wp:term":[{"taxonomy":"product_brand","embeddable":true,"href":"https:\/\/iberotecsas.com\/index.php?rest_route=%2Fwp%2Fv2%2Fproduct_brand&post=3369"},{"taxonomy":"product_cat","embeddable":true,"href":"https:\/\/iberotecsas.com\/index.php?rest_route=%2Fwp%2Fv2%2Fproduct_cat&post=3369"},{"taxonomy":"product_tag","embeddable":true,"href":"https:\/\/iberotecsas.com\/index.php?rest_route=%2Fwp%2Fv2%2Fproduct_tag&post=3369"}],"curies":[{"name":"wp","href":"https:\/\/api.w.org\/{rel}","templated":true}]}}